ose -3*f = -p + 10, -5*p - f = -6*f - 30. Suppose -3*h - d + p*d + 3 = 0, 2*h = -5*d + 23. List the prime factors of -1 + 1 + h + 3.
7
Let f(v) = v**2 - 8*v - 6. Let t be f(9). Let z(r) = -2*r**3 + 2*r**t - 5*r**3. List the prime factors of z(-1).
5
Suppose 0 = 3*n - 5*i - 268, i = -5*n - 3*i + 422. List the prime factors of n.
2, 43
Let y(m) = -m**2 + 13. Let i = 8 - 8. List the prime factors of y(i).
13
Let w(i) = i**2 - i + 15. Let n(t) be the third derivative of t**5/60 + t**4/8 - t**2. Let c be n(-3). List the prime factors of w(c).
3, 5
Suppose -l + 46 = -0*l. Suppose -2*x = -5*x. Suppose x = -5*p - 0*i + 3*i + l, 5*i + 2 = -p. List the prime factors of p.
2
Let h = 40 + -46. Let c(d) = d + d**2 + 3*d + 0 - 5. What are the prime factors of c(h)?
7
Let z(s) = -s**3 + 4*s**2 - s - 2. Let l be z(4). Let g be (-2)/l - (-105)/9. Suppose 3*v = -c + g, -v - 3*c + 20 = 4*v. List the prime factors of v.
2
Let b = 58 - -27. What are the prime factors of b?
5, 17
Suppose -o + 3 = -0. Suppose -10 - 30 = -2*a + 5*t, -o*a = -3*t - 51. Let p = a - 9. List the prime factors of p.
2, 3
Suppose -3*k - 14 = -m - 4*k, 4*m + 2*k - 64 = 0. List the prime factors of m.
2, 3
Suppose -4*v + 286 = 18. Suppose 4*f - g = v, -f + 2*g - g + 16 = 0. What are the prime factors of f?
17
Suppose 2*c - 3*o + 1 = -0, 4*c = 4*o - 12. Let w(s) = s**2 + 7*s - 3. List the prime factors of w(c).
5
Let p be 135/3*(-2)/(-6). Suppose -g + p = -10. List the prime factors of g.
5
Let w(o) = 2*o - 6. Let b be w(4). Suppose -2*y = -4*z + 14, -5*y = 6*z - b*z - 35. List the prime factors of z.
5
Let y(r) = -2*r + 14. Let k be y(12). List the prime factors of k/8*10*-2.
5
Suppose 3*c = -0*c + 21. List the prime factors of c.
7
Suppose 5*y - 100 = -3*k, 2*k + 96 = 4*k - 4*y. What are the prime factors of k?
2, 5
Suppose -x = 2*x - 72. What are the prime factors of x?
2, 3
Let n(u) = -u**3 - 4*u**2 - 2*u. Let r be n(-3). Let w(s) = s**3 + 2*s**2 + 3*s - 4. Let m be w(r). List the prime factors of (2/(-4))/(1/m).
11
Suppose -6 - 10 = -4*w. Suppose w*j - 8*j + 2*z = 0, 0 = -5*j + z + 6. Suppose -n - 1 = -3*f - 0, j*f - 29 = -5*n. List the prime factors of n.
5
Let j = 1 - 9. Let w = 4 + j. Let v = 11 + w. List the prime factors of v.
7
Suppose 0 = 3*p - 5*f - 25, 11*p + f + 5 = 6*p. Suppose 3*d + p*d - g = 71, -3*d + 81 = -3*g. List the prime factors of d.
2, 11
Let h(y) = -y**2 + 6*y - 1. Let b = 3 + 1. Let z be h(b). Suppose -2*q = -z*q + 10. What are the prime factors of q?
2
Suppose -7*a = -4*a + 27. Suppose 5*j = 2*j + 39. Let v = a + j. What are the prime factors of v?
2
Suppose -5*t = -2*t + 15, -24 = 2*b + 4*t. What are the prime factors of (-1)/(3 + b)*-24?
2, 3
Suppose 4*f = -k + 375, -1416 = -4*k - 0*f + 5*f. What are the prime factors of k?
359
Let k(g) = -6*g + 8. Let h(c) = -2*c + 3. Let z(y) = 11*h(y) - 4*k(y). What are the prime factors of z(3)?
7
Let o(h) = 2*h**2 + 6*h. Suppose 18 = -3*g - 0*g. List the prime factors of o(g).
2, 3
Suppose 3 = k - 0*k. Suppose k*d - 44 = -2. What are the prime factors of d?
2, 7
Let h = 322 + -91. List the prime factors of h.
3, 7, 11
Let v be 0*1/(-4)*-1. Let f(z) = -3*z**2 + z + 15. Let j(m) = -2*m**2 + m + 15. Let y(w) = -3*f(w) + 4*j(w). List the prime factors of y(v).
3, 5
Let h(u) = 3*u - 2*u + 0*u + 0*u - 6. Let x be h(5). Let y = x - -4. List the prime factors of y.
3
Let l(o) be the first derivative of o**4/4 - 2*o**3 + 5*o - 2. Let g be l(6). Suppose -12 = -2*i - w, 3*w = g*i + 8 - 27. List the prime factors of i.
5
Let y = -5 + 7. Let v be -1 + 0 + (y - 19). Let h = v - -30. List the prime factors of h.
2, 3
Suppose -653 = -3*a + 2*o, 5*o = a - 14 - 195. What are the prime factors of a?
3, 73
What are the prime factors of (252/(-98))/(2/(-7))?
3
Suppose d + 0*d = -3*r + 93, 5*d - 105 = -3*r. What are the prime factors of r?
2, 3, 5
Let c = -5 + -3. Let l = 29 - c. List the prime factors of l.
37
Let o(h) = 39*h + 3. Let z(f) = 20*f + 1. Let i(w) = 3*o(w) - 7*z(w). Let t be i(2). What are the prime factors of t/(-24) - (-2)/12?
2
Let y(w) = -w**3 - 4*w**2 - 7*w - 4. Let a be y(-4). What are the prime factors of a/20*5/2?
3
Let o = 60 - 58. What are the prime factors of o?
2
Let n = 29 + 16. List the prime factors of n.
3, 5
Let s(l) = l**2 + 6*l + 9. Let p(x) = -x**2 - 6*x - 9. Let z(v) = v - 3. Let c be z(0). Let a(k) = c*s(k) - 4*p(k). List the prime factors of a(-6).
3
Let h(t) be the third derivative of 3*t**4/8 - t**3/2 + 3*t**2. Let j(d) = 8*d - 4. Let b(l) = -5*h(l) + 6*j(l). What are the prime factors of b(8)?
3, 5
Suppose -3*m = -3*x - 15, -m + 5*x + 20 = 3*m. Let z = m + 6. What are the prime factors of z?
11
Let f(c) = c**2 - 6*c. Let q be f(6). Suppose 5*r + 21 = 2*a, -5*a = -q*a - 3*r - 43. What are the prime factors of a?
2
Let j(c) = c**2 - c + 19. Let k be j(0). Suppose 4 = -3*m + k. Suppose -11 = -4*s + m. List the prime factors of s.
2
Let h(y) = -8*y - 12. What are the prime factors of h(-7)?
2, 11
Let p(n) = 16*n + 1. Let y be p(1). Suppose -4*d - y = -5*d. What are the prime factors of d?
17
Suppose -5*b = 5*h - 2*b - 9, 5*h = -2*b + 6. Suppose -5*a + 10 = -h. What are the prime factors of (-8)/(3 - 2 - a)?
2
Suppose -7*y + 2*y + 10 = 0. Suppose -y*o - 11 = -33. What are the prime factors of o?
11
Let u = -26 + 252. List the prime factors of u.
2, 113
Let y(p) be the third derivative of p**4/12 - 5*p**3/6 + 2*p**2. What are the prime factors of y(5)?
5
Let b(i) = 3*i**2 + 3*i + 1. Let d(a) = a**2 - 4*a + 4. Let g be d(4). Suppose -g*y + 5 - 13 = 0. What are the prime factors of b(y)?
7
Let p = 19 + 11. Let y(i) = -i**2 + 4*i - 11. Let j be y(5). Let a = j + p. List the prime factors of a.
2, 7
Let w = -20 - -35. Suppose w + 7 = 2*n. List the prime factors of n.
11
Let m = 2 + 0. Let d be -12 - -2*m/(-4). List the prime factors of -3 - -2 - d*1.
2, 3
Let j be -3 - (2 + 5/(-1)). Suppose 0 = w - 2*w - 2*s + 10, 5*w + 4*s - 26 = j. Suppose -m + w*y = -y - 17, 2*m = 5*y + 34. What are the prime factors of m?
17
Suppose -5*a = 2*y - 447, -1 + 0 = -y. What are the prime factors of a?
89
Suppose 2*g + 2*i = -6, 5*i = -5*g + i - 12. What are the prime factors of -2*((-57)/6 + g)?
19
Suppose -13 = 5*t + 147. Let r = t - -87. List the prime factors of r.
5, 11
Suppose -1 - 5 = -3*m. Let g be (2 - 1) + m/2. List the prime factors of (1 - 2)*(g + -4).
2
Let p(y) = -33*y - 1. Let r be p(1). Let m be (-4)/(-10) + r/10. List the prime factors of 11*-3*1/m.
11
Let s = 4 + 0. Suppose -s*k = 3*i - 48, 5*k + 28 = 2*i - 4. What are the prime factors of i?
2
Let k = 0 + -3. Let h = k - -7. Suppose 0 = -0*s + 4*s - 5*o + 1, 44 = h*s + 4*o. What are the prime factors of s?
2, 3
Let i(g) = g**3 - 5*g**2 - 2. Let f be i(5). Let x be -2 - f*(-34)/(-4). List the prime factors of -12*(-2)/x*5.
2
Suppose 3*m = 7*m - 200. List the prime factors of m.
2, 5
Suppose l + 0*l = 0, 5*l = p - 5. What are the prime factors of ((-1 - -3) + p)*1?
7
Let s = 273 - 117. List the prime factors of s.
2, 3, 13
Let j(h) = -8*h**3 - h**2 + 1. Let d be j(1). Let g = d + 11. What are the prime factors of g?
3
Let d be ((-17)/3)/(8/(-96)). Suppose 0 = -3*b + 2*l + d - 16, 5*l + 13 = b. List the prime factors of b.
2, 3
Let b be -5 + (-3 - -5) + 0. List the prime factors of ((-2)/b)/((-4)/(-96)).
2
What are the prime factors of (-3)/15 - 6*(-291)/30?
2, 29
Let k = 24 - -15. What are the prime factors of k?
3, 13
Suppose -5*c + 4*c + 205 = 0. What are the prime factors of c?
5, 41
Suppose -3*r + 4*w + 26 = 6, 2*r + 2 = -5*w. Suppose -3*o - 3 = -v - 16, -4*v - r*o = -28. List the prime factors of v.
2
What are the prime factors of 2/3 - 200/(-24)?
3
Let i = 5 + -5. Suppose -2*a - 11 + 51 = i. List the prime factors of a.
2, 5
Let s = -15 + 25. Suppose 5*u = -5*v + 2*u - 38, -2*v + 4*u = s. What are the prime factors of 2/v + (-32)/(-14)?
2
Let t(i) = i - 6. Let b be t(6). Suppose q - 1 = -0*q + 4*x, b = -q + 2*x + 7. Suppose q - 1 = l. What are the prime factors of l?
2, 3
Let j = 2 - -1. Suppose -2*v + 3*h - 30 = -5*v, j*h + 14 = v. List the prime factors of v.
11
What are the prime factors of ((3 - 5) + -1)*(-610)/15?
2, 61
Suppose 0 = -5*r - 10. Let i be 3 + r - 15/3. What are the prime factors of (i/(-10))/((-3)/(-105))?
2, 7
Suppose 2*i - 4 = -c, -5*c + 